{"version":"1.0","provider_name":"PACTE DE COEXISTENCE","provider_url":"https:\/\/pactodeconvivencia.org\/fr","title":"\u00bfSomos menos solidarios? - PACTO DE CONVIVENCIA","type":"rich","width":600,"height":338,"html":"<blockquote class=\"wp-embedded-content\" data-secret=\"epClGjETii\"><a href=\"https:\/\/pactodeconvivencia.org\/fr\/actualidad\/somos-menos-solidarios\/\">Sommes-nous moins solidaires ?<\/a><\/blockquote><iframe sandbox=\"allow-scripts\" security=\"restricted\" src=\"https:\/\/pactodeconvivencia.org\/fr\/actualidad\/somos-menos-solidarios\/embed\/#?secret=epClGjETii\" width=\"600\" height=\"338\" title=\"\u00ab\u00a0\u00bfSomos menos solidarios?\u00a0\u00bb &#8212; PACTO DE CONVIVENCIA\" data-secret=\"epClGjETii\" frameborder=\"0\" marginwidth=\"0\" marginheight=\"0\" scrolling=\"no\" class=\"wp-embedded-content\"><\/iframe><script type=\"text\/javascript\">\n\/* <![CDATA[ *\/\n\/*! This file is auto-generated *\/\n!function(d,l){\"use strict\";l.querySelector&&d.addEventListener&&\"undefined\"!=typeof URL&&(d.wp=d.wp||{},d.wp.receiveEmbedMessage||(d.wp.receiveEmbedMessage=function(e){var t=e.data;if((t||t.secret||t.message||t.value)&&!\/[^a-zA-Z0-9]\/.test(t.secret)){for(var s,r,n,a=l.querySelectorAll('iframe[data-secret=\"'+t.secret+'\"]'),o=l.querySelectorAll('blockquote[data-secret=\"'+t.secret+'\"]'),c=new RegExp(\"^https?:$\",\"i\"),i=0;i<o.length;i++)o[i].style.display=\"none\";for(i=0;i<a.length;i++)s=a[i],e.source===s.contentWindow&&(s.removeAttribute(\"style\"),\"height\"===t.message?(1e3<(r=parseInt(t.value,10))?r=1e3:~~r<200&&(r=200),s.height=r):\"link\"===t.message&&(r=new URL(s.getAttribute(\"src\")),n=new URL(t.value),c.test(n.protocol))&&n.host===r.host&&l.activeElement===s&&(d.top.location.href=t.value))}},d.addEventListener(\"message\",d.wp.receiveEmbedMessage,!1),l.addEventListener(\"DOMContentLoaded\",function(){for(var e,t,s=l.querySelectorAll(\"iframe.wp-embedded-content\"),r=0;r<s.length;r++)(t=(e=s[r]).getAttribute(\"data-secret\"))||(t=Math.random().toString(36).substring(2,12),e.src+=\"#?secret=\"+t,e.setAttribute(\"data-secret\",t)),e.contentWindow.postMessage({message:\"ready\",secret:t},\"*\")},!1)))}(window,document);\n\/\/# sourceURL=https:\/\/pactodeconvivencia.org\/wp-includes\/js\/wp-embed.min.js\n\/* ]]> *\/\n<\/script>","thumbnail_url":"https:\/\/pactodeconvivencia.org\/wp-content\/uploads\/2020\/10\/5681372.jpeg","thumbnail_width":1600,"thumbnail_height":900,"description":"Esa fue la pregunta de partida de una interesante 'Tertulia' celebrada el pasado 10 de octubre en RNE en el programa No es un d\u00eda cualquiera, dirigido por el periodista Carles Mesa. Junto a Ana Ruiz, portavoz de la plataforma Pacto de Convivencia, participaron Francesc N\u00fa\u00f1ez, soci\u00f3logo y profesor de la Universitat Oberta de Catalunya [&hellip;]"}

Esa fue la pregunta de partida de una interesante 'Tertulia' celebrada el pasado 10 de octubre en RNE en el programa No es un día cualquiera, dirigido por el periodista Carles Mesa. Junto a Ana Ruiz, portavoz de la plataforma Pacto de Convivencia, participaron Francesc Núñez, sociólogo y profesor de la Universitat Oberta de Catalunya [&hellip;]
